1011 (base 2) to base 8
-52133
What is -10122010 (base 4) in base 5?
-1034202
Convert -1001110101010 (base 2) to base 15.
-1759
-1355 (base 13) to base 6
-20502
Convert -85 (base 12) to base 2.
-1100101
Convert 28188 (base 9) to base 12.
b08b
What is -944 (base 11) in base 10?
-1137
385 (base 14) to base 5
10310
2110020 (base 3) to base 15
7e3
What is -4053 (base 6) in base 11?
-746
Convert 4783 (base 11) to base 4.
1201312
What is -377 (base 9) in base 16?
-139
112220210 (base 3) to base 12
6363
What is -11001001101010 (base 2) in base 5?
-403111
124 (base 8) to base 9
103
-345 (base 15) to base 3
-1000102
Convert 1b9 (base 14) to base 12.
25b
What is -3289 (base 10) in base 11?
-2520
What is -1b7 (base 14) in base 16?
-165
What is -7ff (base 16) in base 11?
-15a1
What is 987 (base 12) in base 10?
1399
-280 (base 9) to base 15
-109
3341 (base 10) to base 3
11120202
Convert -4330 (base 9) to base 3.
-11101000
250 (base 8) to base 13
cc
What is 20c (base 15) in base 8?
716
Convert -200121 (base 3) to base 10.
-502
What is -30352 (base 6) in base 13?
-1aab
Convert 579a (base 15) to base 12.
a917
Convert -4143130 (base 5) to base 6.
-1245152
What is 2226 (base 9) in base 5?
23034
-2654 (base 11) to base 4
-311313
715 (base 9) to base 2
1001000101
What is 120010 (base 3) in base 15?
1c3
Convert -2a8 (base 12) to base 5.
-3131
-12324 (base 8) to base 15
-18a7
-10001001110110 (base 2) to base 8
-21166
What is 2663 (base 9) in base 3?
2202010
What is -5114 (base 10) in base 2?
-1001111111010
Convert 14a87 (base 11) to base 6.
242250
What is -2102110 (base 3) in base 8?
-3347
Convert -1010111011 (base 2) to base 16.
-2bb
Convert -781 (base 13) to base 3.
-1202201
Convert 102023133 (base 4) to base 8.
221337
Convert 122 (base 3) to base 13.
14
156107 (base 8) to base 5
3301031
Convert -2300020 (base 4) to base 7.
-44602
What is -15235 (base 6) in base 3?
-10101112
Convert -e4a9 (base 16) to base 12.
-29a61
What is 6582 (base 10) in base 2?
1100110110110
Convert 1341 (base 9) to base 3.
1101101
-b31 (base 15) to base 11
-1992
Convert 1110010010110 (base 2) to base 15.
227d
Convert -314 (base 16) to base 2.
-1100010100
Convert -31357 (base 12) to base 9.
-107344
2041113 (base 5) to base 8
102164
Convert 92 (base 10) to base 3.
10102
What is -6357 (base 14) in base 4?
-10023221
What is -20356 (base 10) in base 6?
-234124
146 (base 14) to base 16
102
What is 10310 (base 10) in base 14?
3a86
Convert 8095 (base 15) to base 7.
142061
Convert 16937 (base 14) to base 8.
156565
Convert 10533 (base 6) to base 2.
10111011001
Convert -1130303 (base 4) to base 16.
-1733
What is -23306 (base 8) in base 3?
-111121122
What is 6b8 (base 12) in base 10?
1004
What is 61346 (base 7) in base 16?
3a52
What is 1323331 (base 4) in base 2?
1111011111101
Convert 32502 (base 8) to base 5.
414014
Convert -23010 (base 4) to base 10.
-708
-333030 (base 4) to base 3
-12112210
-122064 (base 7) to base 10
-22341
5c21 (base 13) to base 12
7668
Convert -2bb (base 15) to base 2.
-1001110010
342114 (base 5) to base 14
4607
What is -2002 (base 15) in base 13?
-30c5
What is 22d (base 14) in base 15?
1dd
-1233001 (base 5) to base 2
-101111000111110
500062 (base 7) to base 5
10142304
2b2 (base 15) to base 6
2505
35c (base 13) to base 12
408
What is -2454 (base 9) in base 14?
-94b
Convert 20787 (base 11) to base 12.
155a8
-10101000101 (base 2) to base 6
-10125
Convert 10177 (base 14) to base 9.
58088
What is -748 (base 13) in base 5?
-14433
What is -133 (base 13) in base 8?
-323
-110414 (base 5) to base 6
-25511
1113 (base 10) to base 5
13423
-10010001101 (base 2) to base 13
-6b8
Convert -11032 (base 8) to base 14.
-1990
-28437 (base 9) to base 5
-1104222
Convert 110001010111010 (base 2) to base 4.
12022322
Convert -13059 (base 11) to base 16.
-490a
Convert -12216 (base 11) to base 13.
-7cbc
Convert 133343 (base 5) to base 7.
21646
What is -1bcf (base 16) in base 3?
-100202200
What is -510b (base 15) in base 5?
-1021421
What is -7ae (base 15) in base 16?
-6cb
Convert d0 (base 14) to base 4.
2312
-19875 (base 13) to base 9
-75253
-1b2 (base 13) to base 2
-100111010
Convert 220333 (base 5) to base 13.
35c1
Convert 33431 (base 5) to base 2.
100100111110
Convert 11314 (base 5) to base 6.
3510
What is 10220010 (base 3) in base 11?
2150
202210 (base 3) to base 2
1000110001
Convert 122201210 (base 3) to base 15.
3c6c
-28c (base 13) to base 5
-3304
What is -4537 (base 8) in base 12?
-147b
1d26 (base 15) to base 2
1100011000000
What is 222202 (base 3) in base 4?
23102
What is 35565 (base 8) in base 15?
479b
132202 (base 4) to base 8
3642
Convert 1648 (base 10) to base 14.
85a
111146 (base 7) to base 11
1382a
What is -3481 (base 10) in base 3?
-11202221
What is 67b (base 13) in base 12?
790
What is -62 (base 12) in base 6?
-202
-a125 (base 14) to base 4
-12300111
What is 209 (base 14) in base 7?
1112
Convert -463 (base 7) to base 16.
-f1
Convert 32350 (base 6) to base 16.
116a
Convert -3874 (base 14) to base 9.
-14522
What is 122 (base 16) in base 14?
16a
What is 21250 (base 6) in base 9?
3883
What is 814 (base 9) in base 2?
1010010101
What is 3449 (base 11) in base 10?
4530
Convert -a4a (base 11) to base 15.
-594
-702 (base 11) to base 2
-1101010001
What is 1a14 (base 13) in base 15?
1254
Convert 65 (base 8) to base 13.
41
-a3 (base 16) to base 12
-117
What is -212 (base 11) in base 13?
-168
1d74 (base 15) to base 6
45401
13210 (base 4) to base 7
1261
Convert -1d4 (base 16) to base 8.
-724
-996 (base 10) to base 7
-2622
Convert -301130 (base 4) to base 13.
-1595
Convert 1011000010101010 (base 2) to base 16.
b0aa
-11212201 (base 3) to base 5
-103211
21200010 (base 3) to base 11
4224
Convert -5002 (base 6) to base 16.
-43a
Convert -114133 (base 6) to base 12.
-5949
Convert -12314 (base 11) to base 5.
-1031211
Convert 1112013 (base 4) to base 6.
41303
-1b1 (base 12) to base 6
-1141
Convert -565 (base 11) to base 9.
-831
What is 3322 (base 7) in base 3?
1122011
What is -453 (base 11) in base 14?
-2aa
Convert 28ab (base 12) to base 14.
1a27
Convert -7cb (base 16) to base 13.
-ba6
What is 30a (base 15) in base 14?
36d
Convert -a3 (base 14) to base 6.
-355
3311 (base 9) to base 11
1919
-12110 (base 3) to base 12
-103
5143 (base 8) to base 16
a63
Convert -110021 (base 3) to base 15.
-171
Convert -249 (base 10) to base 13.
-162
Convert 15a (base 14) to base 4.
10110
Convert 81508 (base 10) to base 16.
13e64
Convert -101000011010000 (base 2) to base 14.
-777a
Convert -1778 (base 11) to base 6.
-14251
Convert -100 (base 7) to base 9.
-54
-1101010 (base 2) to base 13
-82
-1079 (base 11) to base 6
-10321
What is 17776 (base 8) in base 9?
12210
What is 5b3 (base 12) in base 15?
3c0
What is -1ac9a (base 13) in base 3?
-2200021100
What is 13002 (base 11) in base 16?
48cc
Convert -474 (base 11) to base 9.
-687
Convert 51271 (base 8) to base 16.
52b9
Convert 75 (base 14) to base 11.
94
Convert 3110 (base 10) to base 5.
44420
-ec49 (base 16) to base 14
-18089
-10001100 (base 2) to base 11
-118
Convert -6044 (base 7) to base 14.
-a94
-8b4 (base 12) to base 3
-1202201
Convert 110001101 (base 2) to base 15.
1b7
2033 (base 6) to base 16
1c5
Convert -51055 (base 6) to base 9.
-10208
110120 (base 4) to base 6
10012
What is 21102111 (base 4) in base 13?
1440c
42c (base 14) to base 12
588
37330 (base 10) to base 12
1972a
1201012201 (base 3) to base 2
1000001110011000
Convert -1041 (base 9) to base 6.
-3314
46 (base 13) to base 8
72
-101011111101 (base 2) to base 6
-21005
What is -141 (base 16) in base 7?
-636
Convert 222210111 (base 3) to base 5.
1111114
What is -52545 (base 6) in base 11?
-5394
Convert 15353 (base 7) to base 10.
4301
Convert 16344 (base 8) to base 15.
22d1
228 (base 15) to base 6
2132
-120011222 (base 3) to base 11
-8353
59e0 (base 15) to base 13
8910
What is 3b4b (base 16) in base 2?
11101101001011
Convert -15645 (base 8) to base 4.
-1232211
What is 274a1 (base 12) in base 4?
31033321
-1441 (base 12) to base 5
-33403
-115 (base 8) to base 10
-77
What is 4412 (base 6) in base 9?
1348
What is 300 (base 13) in base 11?
421
What is 4623 (base 8) in base 11?
1929
4622 (base 8) to base 10
2450
What is 3681 (base 15) in base 2?
10110101001100
2203 (base 7) to base 10
787
What is -1a0 (base 15) in base 7?
-1044
Wh